{"id":128,"date":"2021-02-13T17:47:23","date_gmt":"2021-02-13T17:47:23","guid":{"rendered":"http:\/\/staging.lachnerhof.de\/?page_id=128"},"modified":"2024-05-30T11:12:06","modified_gmt":"2024-05-30T10:12:06","slug":"familienbetrieb-mit-herzlichkeit-und-kompetenz","status":"publish","type":"page","link":"https:\/\/www.lachnerhof.de\/","title":{"rendered":"Herzlich Willkommen im Hotel Lachnerhof!"},"content":{"rendered":"\n<h3 class=\"has-text-color wp-block-heading\" style=\"color:#25620f\"><strong>Lachnerhof<\/strong><\/h3>\n\n\n\n<h3 class=\"wp-block-heading\"><strong>Der Familienbetrieb mit Herzlichkeit und Kompetenz<\/strong><\/h3>\n\n\n\n<div class=\"wp-block-media-text alignwide has-media-on-the-right is-stacked-on-mobile\"><figure class=\"wp-block-media-text__media\"><img loading=\"lazy\" decoding=\"async\" width=\"1024\" height=\"683\" src=\"http:\/\/staging.lachnerhof.de\/wp-content\/uploads\/2021\/03\/IMG_6926-1024x683.jpg\" alt=\"\" class=\"wp-image-871 size-full\" srcset=\"https:\/\/www.lachnerhof.de\/wp-content\/uploads\/2021\/03\/IMG_6926-1024x683.jpg 1024w, https:\/\/www.lachnerhof.de\/wp-content\/uploads\/2021\/03\/IMG_6926-300x200.jpg 300w, https:\/\/www.lachnerhof.de\/wp-content\/uploads\/2021\/03\/IMG_6926-768x512.jpg 768w, https:\/\/www.lachnerhof.de\/wp-content\/uploads\/2021\/03\/IMG_6926-2048x1365.jpg 2048w\" sizes=\"auto, (max-width: 1024px) 100vw, 1024px\" \/><\/figure><div class=\"wp-block-media-text__content\">\n<p>Ein Familienbetrieb mit Herzlichkeit und Kompetenz bietet Ihnen einen Aufenthalt in einem rundum gelungenen Ambiente.<\/p>\n<\/div><\/div>\n\n\n\n<h3 class=\"wp-block-heading\"><strong>Moderne Zimmer<\/strong> &#8230;<\/h3>\n\n\n\n<div class=\"wp-block-media-text alignwide is-stacked-on-mobile is-vertically-aligned-center\"><figure class=\"wp-block-media-text__media\"><img loading=\"lazy\" decoding=\"async\" width=\"768\" height=\"1024\" src=\"http:\/\/staging.lachnerhof.de\/wp-content\/uploads\/2021\/02\/WhatsApp-Image-2021-02-16-at-11.58.51-3-768x1024.jpeg\" alt=\"Zimmer EZ und DZ\" class=\"wp-image-402 size-full\" srcset=\"https:\/\/www.lachnerhof.de\/wp-content\/uploads\/2021\/02\/WhatsApp-Image-2021-02-16-at-11.58.51-3-768x1024.jpeg 768w, https:\/\/www.lachnerhof.de\/wp-content\/uploads\/2021\/02\/WhatsApp-Image-2021-02-16-at-11.58.51-3-225x300.jpeg 225w, https:\/\/www.lachnerhof.de\/wp-content\/uploads\/2021\/02\/WhatsApp-Image-2021-02-16-at-11.58.51-3-1152x1536.jpeg 1152w, https:\/\/www.lachnerhof.de\/wp-content\/uploads\/2021\/02\/WhatsApp-Image-2021-02-16-at-11.58.51-3.jpeg 1200w\" sizes=\"auto, (max-width: 768px) 100vw, 768px\" \/><\/figure><div class=\"wp-block-media-text__content\">\n<p>In 24 modernen Zimmern, die mit Dusche\/WC, Telefon, Kabelfernsehen und Minibar ausgestattet sind, erwartet Sie eine stilvolle Atmosph\u00e4re mit einem angenehm individuellen Service.<\/p>\n<\/div><\/div>\n\n\n\n<h3 class=\"wp-block-heading\"><strong>&#8230; auch zur Langzeitvermietung<\/strong><\/h3>\n\n\n\n<div class=\"wp-block-media-text alignwide is-stacked-on-mobile is-vertically-aligned-center\"><figure class=\"wp-block-media-text__media\"><img loading=\"lazy\" decoding=\"async\" width=\"1024\" height=\"683\" src=\"http:\/\/staging.lachnerhof.de\/wp-content\/uploads\/2021\/02\/IMG_9491-1024x683.jpg\" alt=\"K\u00fcche Langzeitvermietung\" class=\"wp-image-333 size-full\" srcset=\"https:\/\/www.lachnerhof.de\/wp-content\/uploads\/2021\/02\/IMG_9491-1024x683.jpg 1024w, https:\/\/www.lachnerhof.de\/wp-content\/uploads\/2021\/02\/IMG_9491-300x200.jpg 300w, https:\/\/www.lachnerhof.de\/wp-content\/uploads\/2021\/02\/IMG_9491-768x512.jpg 768w, https:\/\/www.lachnerhof.de\/wp-content\/uploads\/2021\/02\/IMG_9491-2048x1365.jpg 2048w\" sizes=\"auto, (max-width: 1024px) 100vw, 1024px\" \/><\/figure><div class=\"wp-block-media-text__content\">\n<p>W\u00e4hlen Sie aus einer Vielzahl an Zimmern &amp; Wohnungen aus und beziehen Sie Ihr m\u00f6bliertes Zimmer ohne Stress. Alle Verg\u00fcnstigungen wie Zwischenreinigung, WLAN, Fernseher sind enthalten. Egal ob 1 Monat oder 12 Monate.  Kontaktieren Sie uns oder besuchen Sie uns direkt vor Ort. Wir beraten Sie gerne.<\/p>\n<\/div><\/div>\n\n\n\n<h3 class=\"wp-block-heading\"><strong><strong>Reichhaltiges Fr\u00fchst\u00fccksbuffet<\/strong><\/strong><\/h3>\n\n\n\n<div class=\"wp-block-media-text alignwide has-media-on-the-right is-stacked-on-mobile is-vertically-aligned-center\"><figure class=\"wp-block-media-text__media\"><img loading=\"lazy\" decoding=\"async\" width=\"1024\" height=\"683\" src=\"http:\/\/staging.lachnerhof.de\/wp-content\/uploads\/2021\/03\/IMG_4903-1024x683.jpg\" alt=\"\" class=\"wp-image-793 size-full\" srcset=\"https:\/\/www.lachnerhof.de\/wp-content\/uploads\/2021\/03\/IMG_4903-1024x683.jpg 1024w, https:\/\/www.lachnerhof.de\/wp-content\/uploads\/2021\/03\/IMG_4903-300x200.jpg 300w, https:\/\/www.lachnerhof.de\/wp-content\/uploads\/2021\/03\/IMG_4903-768x512.jpg 768w, https:\/\/www.lachnerhof.de\/wp-content\/uploads\/2021\/03\/IMG_4903-2048x1365.jpg 2048w\" sizes=\"auto, (max-width: 1024px) 100vw, 1024px\" \/><\/figure><div class=\"wp-block-media-text__content\">\n<p>Am Fr\u00fchst\u00fccksbuffet k\u00f6nnen Sie sich mit einer Vielzahl an Speisen und Getr\u00e4nken f\u00fcr einen erlebnis- oder arbeitsreichen Tag st\u00e4rken.<\/p>\n<\/div><\/div>\n\n\n\n<p><\/p>\n\n\n\n<p><\/p>\n\n\n\n<h3 class=\"has-text-color wp-block-heading\" style=\"color:#25620f\"><strong>Lage in N\u00fcrnberg\/Erlangen<\/strong><\/h3>\n\n\n\n<h3 class=\"wp-block-heading\"><strong>Zentrale und dennoch ruhige Lage<\/strong><\/h3>\n\n\n\n<div class=\"wp-block-media-text alignwide is-stacked-on-mobile\"><figure class=\"wp-block-media-text__media\"><img loading=\"lazy\" decoding=\"async\" width=\"1024\" height=\"683\" src=\"http:\/\/staging.lachnerhof.de\/wp-content\/uploads\/2021\/03\/IMG_6910-1024x683.jpg\" alt=\"\" class=\"wp-image-855 size-full\" srcset=\"https:\/\/www.lachnerhof.de\/wp-content\/uploads\/2021\/03\/IMG_6910-1024x683.jpg 1024w, https:\/\/www.lachnerhof.de\/wp-content\/uploads\/2021\/03\/IMG_6910-300x200.jpg 300w, https:\/\/www.lachnerhof.de\/wp-content\/uploads\/2021\/03\/IMG_6910-768x512.jpg 768w, https:\/\/www.lachnerhof.de\/wp-content\/uploads\/2021\/03\/IMG_6910-2048x1365.jpg 2048w\" sizes=\"auto, (max-width: 1024px) 100vw, 1024px\" \/><\/figure><div class=\"wp-block-media-text__content\">\n<p>In neuer Architektur liegt das Hotel an einer ruhigen Wohnstra\u00dfe und doch zentral an der Schnittstelle zur Autobahn A3 M\u00fcnchen\/W\u00fcrzburg sowie der Bundesstra\u00dfe B4 N\u00fcrnberg\/Erlangen.<br>So ist der N\u00fcrnberger Flughafen sowie das Messegel\u00e4nde in K\u00fcrze bequem zu erreichen.<\/p>\n<\/div><\/div>\n","protected":false},"excerpt":{"rendered":"<div class=\"entry-summary\">\nLachnerhof Der Familienbetrieb mit Herzlichkeit und Kompetenz Ein Familienbetrieb mit Herzlichkeit und&hellip;\n<\/div>\n<div class=\"link-more\"><a href=\"https:\/\/www.lachnerhof.de\/\" class=\"more-link\">Continue reading<span class=\"screen-reader-text\"> &ldquo;Herzlich Willkommen im Hotel Lachnerhof!&rdquo;<\/span>&hellip;<\/a><\/div>\n","protected":false},"author":1,"featured_media":0,"parent":0,"menu_order":0,"comment_status":"closed","ping_status":"closed","template":"page-template\/_fullwidth.php","meta":{"footnotes":""},"class_list":["post-128","page","type-page","status-publish","hentry","entry"],"_links":{"self":[{"href":"https:\/\/www.lachnerhof.de\/index.php?rest_route=\/wp\/v2\/pages\/128","targetHints":{"allow":["GET"]}}],"collection":[{"href":"https:\/\/www.lachnerhof.de\/index.php?rest_route=\/wp\/v2\/pages"}],"about":[{"href":"https:\/\/www.lachnerhof.de\/index.php?rest_route=\/wp\/v2\/types\/page"}],"author":[{"embeddable":true,"href":"https:\/\/www.lachnerhof.de\/index.php?rest_route=\/wp\/v2\/users\/1"}],"replies":[{"embeddable":true,"href":"https:\/\/www.lachnerhof.de\/index.php?rest_route=%2Fwp%2Fv2%2Fcomments&post=128"}],"version-history":[{"count":19,"href":"https:\/\/www.lachnerhof.de\/index.php?rest_route=\/wp\/v2\/pages\/128\/revisions"}],"predecessor-version":[{"id":1015,"href":"https:\/\/www.lachnerhof.de\/index.php?rest_route=\/wp\/v2\/pages\/128\/revisions\/1015"}],"wp:attachment":[{"href":"https:\/\/www.lachnerhof.de\/index.php?rest_route=%2Fwp%2Fv2%2Fmedia&parent=128"}],"curies":[{"name":"wp","href":"https:\/\/api.w.org\/{rel}","templated":true}]}}

<h3 class="has-text-color wp-block-heading" style="color:#25620f"><strong>Lachnerhof</strong></h3>



<h3 class="wp-block-heading"><strong>Der Familienbetrieb mit Herzlichkeit und Kompetenz</strong></h3>



<div class="wp-block-media-text alignwide has-media-on-the-right is-stacked-on-mobile"><figure class="wp-block-media-text__media"><img loading="lazy" decoding="async" width="1024" height="683" src="http://staging.lachnerhof.de/wp-content/uploads/2021/03/IMG_6926-1024x683.jpg" alt="" class="wp-image-871 size-full" srcset="https://www.lachnerhof.de/wp-content/uploads/2021/03/IMG_6926-1024x683.jpg 1024w, https://www.lachnerhof.de/wp-content/uploads/2021/03/IMG_6926-300x200.jpg 300w, https://www.lachnerhof.de/wp-content/uploads/2021/03/IMG_6926-768x512.jpg 768w, https://www.lachnerhof.de/wp-content/uploads/2021/03/IMG_6926-2048x1365.jpg 2048w" sizes="auto, (max-width: 1024px) 100vw, 1024px" /></figure><div class="wp-block-media-text__content">
<p>Ein Familienbetrieb mit Herzlichkeit und Kompetenz bietet Ihnen einen Aufenthalt in einem rundum gelungenen Ambiente.</p>
</div></div>



<h3 class="wp-block-heading"><strong>Moderne Zimmer</strong> &#8230;</h3>



<div class="wp-block-media-text alignwide is-stacked-on-mobile is-vertically-aligned-center"><figure class="wp-block-media-text__media"><img loading="lazy" decoding="async" width="768" height="1024" src="http://staging.lachnerhof.de/wp-content/uploads/2021/02/WhatsApp-Image-2021-02-16-at-11.58.51-3-768x1024.jpeg" alt="Zimmer EZ und DZ" class="wp-image-402 size-full" srcset="https://www.lachnerhof.de/wp-content/uploads/2021/02/WhatsApp-Image-2021-02-16-at-11.58.51-3-768x1024.jpeg 768w, https://www.lachnerhof.de/wp-content/uploads/2021/02/WhatsApp-Image-2021-02-16-at-11.58.51-3-225x300.jpeg 225w, https://www.lachnerhof.de/wp-content/uploads/2021/02/WhatsApp-Image-2021-02-16-at-11.58.51-3-1152x1536.jpeg 1152w, https://www.lachnerhof.de/wp-content/uploads/2021/02/WhatsApp-Image-2021-02-16-at-11.58.51-3.jpeg 1200w" sizes="auto, (max-width: 768px) 100vw, 768px" /></figure><div class="wp-block-media-text__content">
<p>In 24 modernen Zimmern, die mit Dusche/WC, Telefon, Kabelfernsehen und Minibar ausgestattet sind, erwartet Sie eine stilvolle Atmosphäre mit einem angenehm individuellen Service.</p>
</div></div>



<h3 class="wp-block-heading"><strong>&#8230; auch zur Langzeitvermietung</strong></h3>



<div class="wp-block-media-text alignwide is-stacked-on-mobile is-vertically-aligned-center"><figure class="wp-block-media-text__media"><img loading="lazy" decoding="async" width="1024" height="683" src="http://staging.lachnerhof.de/wp-content/uploads/2021/02/IMG_9491-1024x683.jpg" alt="Küche Langzeitvermietung" class="wp-image-333 size-full" srcset="https://www.lachnerhof.de/wp-content/uploads/2021/02/IMG_9491-1024x683.jpg 1024w, https://www.lachnerhof.de/wp-content/uploads/2021/02/IMG_9491-300x200.jpg 300w, https://www.lachnerhof.de/wp-content/uploads/2021/02/IMG_9491-768x512.jpg 768w, https://www.lachnerhof.de/wp-content/uploads/2021/02/IMG_9491-2048x1365.jpg 2048w" sizes="auto, (max-width: 1024px) 100vw, 1024px" /></figure><div class="wp-block-media-text__content">
<p>Wählen Sie aus einer Vielzahl an Zimmern &amp; Wohnungen aus und beziehen Sie Ihr möbliertes Zimmer ohne Stress. Alle Vergünstigungen wie Zwischenreinigung, WLAN, Fernseher sind enthalten. Egal ob 1 Monat oder 12 Monate.  Kontaktieren Sie uns oder besuchen Sie uns direkt vor Ort. Wir beraten Sie gerne.</p>
</div></div>



<h3 class="wp-block-heading"><strong><strong>Reichhaltiges Frühstücksbuffet</strong></strong></h3>



<div class="wp-block-media-text alignwide has-media-on-the-right is-stacked-on-mobile is-vertically-aligned-center"><figure class="wp-block-media-text__media"><img loading="lazy" decoding="async" width="1024" height="683" src="http://staging.lachnerhof.de/wp-content/uploads/2021/03/IMG_4903-1024x683.jpg" alt="" class="wp-image-793 size-full" srcset="https://www.lachnerhof.de/wp-content/uploads/2021/03/IMG_4903-1024x683.jpg 1024w, https://www.lachnerhof.de/wp-content/uploads/2021/03/IMG_4903-300x200.jpg 300w, https://www.lachnerhof.de/wp-content/uploads/2021/03/IMG_4903-768x512.jpg 768w, https://www.lachnerhof.de/wp-content/uploads/2021/03/IMG_4903-2048x1365.jpg 2048w" sizes="auto, (max-width: 1024px) 100vw, 1024px" /></figure><div class="wp-block-media-text__content">
<p>Am Frühstücksbuffet können Sie sich mit einer Vielzahl an Speisen und Getränken für einen erlebnis- oder arbeitsreichen Tag stärken.</p>
</div></div>



<p></p>



<p></p>



<h3 class="has-text-color wp-block-heading" style="color:#25620f"><strong>Lage in Nürnberg/Erlangen</strong></h3>



<h3 class="wp-block-heading"><strong>Zentrale und dennoch ruhige Lage</strong></h3>



<div class="wp-block-media-text alignwide is-stacked-on-mobile"><figure class="wp-block-media-text__media"><img loading="lazy" decoding="async" width="1024" height="683" src="http://staging.lachnerhof.de/wp-content/uploads/2021/03/IMG_6910-1024x683.jpg" alt="" class="wp-image-855 size-full" srcset="https://www.lachnerhof.de/wp-content/uploads/2021/03/IMG_6910-1024x683.jpg 1024w, https://www.lachnerhof.de/wp-content/uploads/2021/03/IMG_6910-300x200.jpg 300w, https://www.lachnerhof.de/wp-content/uploads/2021/03/IMG_6910-768x512.jpg 768w, https://www.lachnerhof.de/wp-content/uploads/2021/03/IMG_6910-2048x1365.jpg 2048w" sizes="auto, (max-width: 1024px) 100vw, 1024px" /></figure><div class="wp-block-media-text__content">
<p>In neuer Architektur liegt das Hotel an einer ruhigen Wohnstraße und doch zentral an der Schnittstelle zur Autobahn A3 München/Würzburg sowie der Bundesstraße B4 Nürnberg/Erlangen.<br>So ist der Nürnberger Flughafen sowie das Messegelände in Kürze bequem zu erreichen.</p>
</div></div>
